digit of d?
1
Let r(x) be the second derivative of 2*x**5 - x**3/2 + 13*x**2/2 - 24*x + 1. What is the thousands digit of r(3)?
1
Let t(i) = -i**3 + 25*i**2 - 14*i - 273. What is the tens digit of t(14)?
8
Let l be 100/30*9/(-6). Let c(i) = 2*i**3 + 22*i**2 + 2*i + 1. What is the hundreds digit of c(l)?
2
Suppose -2 - 3 = 5*f, -h + 4*f + 11 = 0. Let x(i) be the first derivative of 15*i**2/2 + 21*i - 91. What is the tens digit of x(h)?
2
Suppose -30436 = -10*g + 7954. What is the tens digit of g?
3
Let l(n) = 48*n + 2317. What is the thousands digit of l(64)?
5
Suppose 0 = -j - 6. Let g be (-8)/(-16) + 87/j. What is the tens digit of 4/(-14) - 886/g?
6
Suppose -2*f + r = -1515, -f - 3*r + 391 = -370. What is the hundreds digit of f?
7
Let r(d) = d**3 - 38*d**2 + 48*d - 56. Let k be r(36). Let z = 1630 + k. What is the hundreds digit of z?
7
Let p(o) = o**2 + 10*o - 9. Let h be p(-15). Suppose 3633 = 9*w - h. What is the units digit of w?
1
Suppose -800*z + 188226 + 430458 = -778*z. What is the tens digit of z?
2
Suppose 6 = -3*v, 3*v = -5*t + 8 + 6. Suppose -5*a = -i + 352 + 249, 5*i - t*a = 3110. Let c = i - 426. What is the tens digit of c?
0
Suppose 1770*q - 21248 = 1769*q. What is the ten thousands digit of q?
2
Suppose 0 = 3902*t - 3905*t + 15144. What is the hundreds digit of t?
0
Let k be (-3)/6 + (-7)/2*-1. Suppose -k*n = -0*n + 3, 5*s + 1587 = -2*n. What is the tens digit of (s + -1)*2/(-6)?
0
Let j be (-3)/(162/(-12)) + 4774/(-18). Let a = 980 + j. What is the tens digit of a?
1
Let g = 654 - 554. What is the tens digit of 727 - g/(-10) - (2 + -2)?
3
Let j = -66 + 80. Let a(l) = -l**2 + 12*l + 28. Let k be a(j). Suppose y - 124 - 57 = k. What is the units digit of y?
1
Let w(p) = 4877*p - 8102. What is the thousands digit of w(18)?
9
Let u be (-5 + -57)*26/(-4). Suppose -k + 2*l + u + 215 = 0, 3*k + 3*l = 1836. What is the tens digit of k?
1
Let z(w) = 285*w**2 + 10*w + 61. What is the tens digit of z(11)?
5
Suppose 111241 = -8*k + 5*k + 16*k. What is the units digit of k?
7
Suppose 155*r - 3325659 + 821256 = 2185432. What is the thousands digit of r?
0
Let z(n) = 5*n**2 - 388*n - 731. What is the hundreds digit of z(111)?
8
Suppose 0 = -2*i + 5*m + 25, -3*i + 22 = -m + 4. Suppose -3*f + 8*f + 3 = 2*h, -5*f - 15 = -i*h. What is the units digit of (f/(-1))/((4/(-186))/2)?
3
Let j = -17198 + 32069. What is the tens digit of j?
7
Let v be (-3)/18 + (-1)/(-6) + 1. Let x be (-5 - (2 + 2)) + (v - 3). Let a(s) = -s**3 - 12*s**2 - 12*s - 1. What is the tens digit of a(x)?
1
Let s(g) = 285*g - 1. Let h be s(2). Let n = h - 273. Suppose -12*k = -8*k - n. What is the units digit of k?
4
Suppose 3*p - 20 = -2*p. Suppose 2*l = 1 + 5, -3*i + p*l + 1263 = 0. What is the tens digit of i?
2
What is the tens digit of ((-1258)/(-1554) - (-16)/(-14))*-16314?
3
Let s = -2073 + 5880. Let g be (-9)/(((-5)/30*3)/1). What is the hundreds digit of s/g*2/3?
1
Let n(w) = -w**2 + w + 86. Let c be n(11). Let a(s) = -s**2 - 23*s + 49. What is the tens digit of a(c)?
2
Let p = -15815 - -22873. What is the units digit of p?
8
Suppose 7*t - 3*t - 356 = -4*s, -s + 89 = -2*t. Suppose -1240 = -97*f + s*f. What is the tens digit of f?
5
Suppose 9 = 3*a, 3*a - 16 = 2*k - 3*k. Suppose -11*u + 2592 = -k*u. Suppose -2*s - u = -6*s. What is the units digit of s?
2
What is the thousands digit of (1 + -7315)*(366/(-18) + 20)?
2
Let o = -42338 - -71945. What is the tens digit of o?
0
Let l = 3 - 6. Let d be l/9*-3 + (136 - 5). Suppose 0 = 4*u + 4*r - 276, 2*r + 178 = 5*u - d. What is the tens digit of u?
6
Let i = 10770 - 5415. What is the tens digit of i?
5
Let x = -241 + 271. What is the units digit of 544 + (x/90)/(2/(-18))?
1
Suppose 36 = 31*t - 27*t. Suppose -10*o - t + 39 = 0. Suppose o*p + 741 = 3*x, 8*x + p = 4*x + 1013. What is the tens digit of x?
5
Suppose 6*m - m - 2*i + 468 = 0, 2*m + 5*i + 193 = 0. What is the units digit of (0 + m)*4*77/(-56)?
7
Suppose -1772 = -q + 3*t, 80 + 3499 = 2*q + t. What is the units digit of q?
7
What is the units digit of ((-110658)/(-8))/(-2*(1935/(-120) - -16))?
9
Let n = 1258 - 2167. Let r = -377 - n. What is the hundreds digit of r?
5
Suppose 4*l + 3167 = -z - 1389, 4*l - 4*z + 4536 = 0. Let s = 1665 + l. What is the units digit of s?
7
Let w = -202 + 1624. Suppose 2*q = -2*j + 1418, 2*j - 9*q + 7*q = w. What is the tens digit of j?
1
Let u = 32355 - 22883. What is the tens digit of u?
7
Let x(l) = 2*l**2 - 6*l - 3. Let n be x(4). Suppose v = -4*p - 4, n*p = -2*v - 3 + 1. Let t = 59 - v. What is the units digit of t?
5
What is the hundreds digit of -31124*(1/((-20)/14) - (-1)/5)?
5
Suppose 0*u + 36 = -2*u. Let s(b) = -2*b + 1226*b**2 + 19 - 16*b - 1227*b**2. What is the tens digit of s(u)?
1
Let r = 35 - 77. Let g = r + 44. Suppose 4*x - 31 - 13 = -2*v, -g*x - 4*v = -34. What is the units digit of x?
9
Let a = 2824 - 1466. Let w = -764 + a. What is the hundreds digit of w?
5
Let z = -6 + 11. Suppose z*y - 516 = -v + 2*y, -4*v = 2*y - 2044. Suppose 6*l - v = l. What is the units digit of l?
2
What is the thousands digit of (659760/(-120))/(2/(-7))?
9
Suppose -7728 = -2*z + 3*l, -2*l - l + 11607 = 3*z. Let f be (2/3)/((-7732)/z - -2). Suppose -10*y + f = -21. What is the tens digit of y?
3
Let g(j) = j**3 - 17*j**2 - 8*j + 74. Let t = 48 + -30. What is the hundreds digit of g(t)?
2
Suppose 135*a = 2922403 - 34213. What is the thousands digit of a?
1
Suppose 0 = 12*u + 43 + 65. Let d be -4 + (-8448)/(-9)*u/(-6). Suppose -5*c - c + d = 0. What is the tens digit of c?
3
What is the units digit of (-550628)/(-130) + 91/65?
7
Suppose 0 = -2*d + 4*d - 4*i - 852, 4*d - 1719 = 3*i. Suppose 3*k - 8*k - 92 = -s, 4*k + d = 4*s. Suppose -s = 3*u - 652. What is the tens digit of u?
8
Let y = 152 + -8. Let k be (390/20)/(1/2). Suppose -k*h + y = -36*h. What is the tens digit of h?
4
Suppose -356*o = -357*o - 162. What is the units digit of (19494/o)/(2/(-24))?
4
Let h(g) = -g**2 - 2*g - 1. Let a(d) = 79*d**2 + 18*d - 22. Let n(r) = a(r) + 2*h(r). What is the units digit of n(3)?
1
Let i(o) = 35*o**2 - 91*o - 2307. What is the units digit of i(-36)?
9
Let n(h) = 198*h**2 - 8*h + 7 + 0 + 2*h. What is the units digit of n(1)?
9
Let w be 11/(88/(-126))*32. What is the tens digit of 2/((-2)/w*8)?
6
Suppose 16*c + 235 = 11*c. Let z = 49 + c. What is the units digit of (-1 - 12)*(1 - (1 + z))?
6
Suppose 164*c = 148*c + 409952. What is the units digit of c?
2
Suppose -5*q - 6*m = -4*m - 10508, 4*m - 6316 = -3*q. Let y = q + -1396. What is the hundreds digit of y?
7
Let m(f) = -f + 24. Let u be m(22). Suppose 2*h = 4*h + p + 8, 0 = 5*h - 2*p + u. What is the tens digit of 46 - h/(1*(4 - 3))?
4
Let s(m) = 963*m**2 + 22*m + 74. Let u be s(-3). Suppose 1054 = 9*y - u. What is the hundreds digit of y?
0
Let a = -73 - -75. Suppose -a*z - 1006 = -4*s + 884, s - 471 = 2*z. What is the tens digit of s?
7
Let k(m) = -146*m + 36. What is the units digit of k(-98)?
4
What is the ten thousands digit of 104/(-364) + (-884680)/(-70)?
1
Let m be ((-4)/6)/((-43)/33153). Let r = m - 241. What is the hundreds digit of r?
2
Suppose 0*a = 2*a + 18. Let f(l) = -3*l + 13. Let g be f(a). Let j = 47 + g. What is the tens digit of j?
8
Let h = -223 - -4473. What is the thousands digit of h?
4
Let h(x) = -38*x + 138. Let a be h(0). What is the tens digit of 30/(-27)*a*(-6)/4?
3
Let r(y) = 22*y**3 + 4*y**2 + 17. Let a be r(-4). Let s = -773 - a. What is the units digit of s?
4
Let u(h) = -10*h + 249. Let p be u(25). What is the units digit of ((-4235)/(-165))/(p/(-3))?
7
Let r be (-3)/((-117)/6936) - (-6)/39. Let k = r + -77. What is the tens digit of k?
0
Let n be (-2)/13 - ((-37)/(-13) + 1). What is the hundreds digit of 11823/12 - n/96*-6?
9
Let o = 25002 - 63786. What is the hundreds digit of (3/(-8))/(48/o)?
3
Let u be 263 - (-4 + 3 + -5). Let d = 617 - u. What is the tens digit of d?
4
Suppose 0 = t + 2*n - 12614 - 43817, 2*n - 451378 = -8*t. What is the thousands digit of t?
6
Let c(y) = 90*y - 46. Let p be c(1). What is the tens digit of 43 - p - 375/(-1)?
7
Let d(i) = 106*i + 10 + 1 - 107*i. Let h be d(4). Suppose 2*g - h*g = -280. What is the units digit of g?
6
Suppose 4749 = 28*x - 39239. What is the hundreds digit of x?
5
Let x = 302 + -216. Let v = x + -47. Suppose 